{"id":24,"date":"2024-07-12T02:17:26","date_gmt":"2024-07-12T02:17:26","guid":{"rendered":"https:\/\/www.youknowdadrill.com\/?page_id=24"},"modified":"2024-07-12T02:18:35","modified_gmt":"2024-07-12T02:18:35","slug":"el-podcast-de-rodrigo-de-la-cadena","status":"publish","type":"page","link":"https:\/\/www.youknowdadrill.com\/?page_id=24","title":{"rendered":"El Podcast de Rodrigo de la Cadena"},"content":{"rendered":"\n<figure class=\"wp-block-image\"><img loading=\"lazy\" decoding=\"async\" width=\"1996\" height=\"892\" src=\"http:\/\/www.youknowdadrill.com\/wp-content\/uploads\/2024\/07\/Screenshot-2024-07-12-at-9.59.02\u202fAM.png\" alt=\"\" class=\"wp-image-25\" srcset=\"https:\/\/www.youknowdadrill.com\/wp-content\/uploads\/2024\/07\/Screenshot-2024-07-12-at-9.59.02\u202fAM.png 1996w, https:\/\/www.youknowdadrill.com\/wp-content\/uploads\/2024\/07\/Screenshot-2024-07-12-at-9.59.02\u202fAM-300x134.png 300w, https:\/\/www.youknowdadrill.com\/wp-content\/uploads\/2024\/07\/Screenshot-2024-07-12-at-9.59.02\u202fAM-1024x458.png 1024w, https:\/\/www.youknowdadrill.com\/wp-content\/uploads\/2024\/07\/Screenshot-2024-07-12-at-9.59.02\u202fAM-768x343.png 768w, https:\/\/www.youknowdadrill.com\/wp-content\/uploads\/2024\/07\/Screenshot-2024-07-12-at-9.59.02\u202fAM-1536x686.png 1536w\" sizes=\"auto, (max-width: 1996px) 100vw, 1996px\" \/><\/figure>\n\n\n\n<p>EL PODCAST DE RODRIGO DE LA CADENA, joven m\u00fasico, investigador, conductor de radio y director art\u00edstico mexicano dedicado a la preservaci\u00f3n y difusi\u00f3n del Bolero, la m\u00fasica rom\u00e1ntica y su \u00e9poca de oro a trav\u00e9s de emisiones de radio en ABC radio, Canal Once, XEQ o Radio Trece.<\/p>\n\n\n\n<p>S\u00ed como en presentaciones en foros como el Teatro de la Ciudad o en diversos festivales y conciertos en m\u00e1s de 12 pa\u00edses como: Argentina, Panam\u00e1, Ecuador, Colombia, Cuba, Estados Unidos, Canad\u00e1, Francia, Espa\u00f1a, Brasil, Italia, Rusia y Bielorrusia. Aqu\u00ed encontrar\u00e1s el podcast de EL ABC DE LA BOHEMIA, emisi\u00f3n musical estelar de ABC Radio M\u00e9xico.<\/p>\n\n\n\n<p>S\u00edguenos en https:\/\/www.facebook.com\/RodrigoDLCadena\/ \u201cEl Estudio de Rodrigo de la Cadena&#8221; Domingo 19hrs. x radio 760 AM y su cadena nacional #\u200eEnVivo\u202c por este link http:\/\/www.radiocanon.com.mx\u00a0<\/p>\n","protected":false},"excerpt":{"rendered":"<p>EL PODCAST DE RODRIGO DE LA CADENA, joven m\u00fasico, investigador, conductor de radio y director art\u00edstico mexicano dedicado a la<\/p>\n<p><a href=\"https:\/\/www.youknowdadrill.com\/?page_id=24\" class=\"more-link\">Continue reading<span class=\"screen-reader-text\">El Podcast de Rodrigo de la Cadena<\/span><\/a><\/p>\n","protected":false},"author":1,"featured_media":0,"parent":28,"menu_order":2,"comment_status":"closed","ping_status":"closed","template":"","meta":{"footnotes":""},"class_list":["post-24","page","type-page","status-publish","hentry"],"_links":{"self":[{"href":"https:\/\/www.youknowdadrill.com\/index.php?rest_route=\/wp\/v2\/pages\/24","targetHints":{"allow":["GET"]}}],"collection":[{"href":"https:\/\/www.youknowdadrill.com\/index.php?rest_route=\/wp\/v2\/pages"}],"about":[{"href":"https:\/\/www.youknowdadrill.com\/index.php?rest_route=\/wp\/v2\/types\/page"}],"author":[{"embeddable":true,"href":"https:\/\/www.youknowdadrill.com\/index.php?rest_route=\/wp\/v2\/users\/1"}],"replies":[{"embeddable":true,"href":"https:\/\/www.youknowdadrill.com\/index.php?rest_route=%2Fwp%2Fv2%2Fcomments&post=24"}],"version-history":[{"count":1,"href":"https:\/\/www.youknowdadrill.com\/index.php?rest_route=\/wp\/v2\/pages\/24\/revisions"}],"predecessor-version":[{"id":26,"href":"https:\/\/www.youknowdadrill.com\/index.php?rest_route=\/wp\/v2\/pages\/24\/revisions\/26"}],"up":[{"embeddable":true,"href":"https:\/\/www.youknowdadrill.com\/index.php?rest_route=\/wp\/v2\/pages\/28"}],"wp:attachment":[{"href":"https:\/\/www.youknowdadrill.com\/index.php?rest_route=%2Fwp%2Fv2%2Fmedia&parent=24"}],"curies":[{"name":"wp","href":"https:\/\/api.w.org\/{rel}","templated":true}]}}

<figure class="wp-block-image"><img loading="lazy" decoding="async" width="1996" height="892" src="http://www.youknowdadrill.com/wp-content/uploads/2024/07/Screenshot-2024-07-12-at-9.59.02 AM.png" alt="" class="wp-image-25" srcset="https://www.youknowdadrill.com/wp-content/uploads/2024/07/Screenshot-2024-07-12-at-9.59.02 AM.png 1996w, https://www.youknowdadrill.com/wp-content/uploads/2024/07/Screenshot-2024-07-12-at-9.59.02 AM-300x134.png 300w, https://www.youknowdadrill.com/wp-content/uploads/2024/07/Screenshot-2024-07-12-at-9.59.02 AM-1024x458.png 1024w, https://www.youknowdadrill.com/wp-content/uploads/2024/07/Screenshot-2024-07-12-at-9.59.02 AM-768x343.png 768w, https://www.youknowdadrill.com/wp-content/uploads/2024/07/Screenshot-2024-07-12-at-9.59.02 AM-1536x686.png 1536w" sizes="auto, (max-width: 1996px) 100vw, 1996px" /></figure>



<p>EL PODCAST DE RODRIGO DE LA CADENA, joven músico, investigador, conductor de radio y director artístico mexicano dedicado a la preservación y difusión del Bolero, la música romántica y su época de oro a través de emisiones de radio en ABC radio, Canal Once, XEQ o Radio Trece.</p>



<p>Sí como en presentaciones en foros como el Teatro de la Ciudad o en diversos festivales y conciertos en más de 12 países como: Argentina, Panamá, Ecuador, Colombia, Cuba, Estados Unidos, Canadá, Francia, España, Brasil, Italia, Rusia y Bielorrusia. Aquí encontrarás el podcast de EL ABC DE LA BOHEMIA, emisión musical estelar de ABC Radio México.</p>



<p>Síguenos en https://www.facebook.com/RodrigoDLCadena/ “El Estudio de Rodrigo de la Cadena&#8221; Domingo 19hrs. x radio 760 AM y su cadena nacional #‎EnVivo‬ por este link http://www.radiocanon.com.mx </p>

<p>EL PODCAST DE RODRIGO DE LA CADENA, joven músico, investigador, conductor de radio y director artístico mexicano dedicado a la</p>
<p><a href="https://www.youknowdadrill.com/?page_id=24" class="more-link">Continue reading<span class="screen-reader-text">El Podcast de Rodrigo de la Cadena</span></a></p>
